 - 6. What is the units digit of q?
3
Suppose 2*c - 7*c + 4*n - 2 = 0, 5*c + 4*n - 22 = 0. Suppose z = -r - 6, 0 = -c*r - 3*r - z - 38. Let g = -6 - r. What is the units digit of g?
2
Suppose -2*o = -0*o - 5*d - 297, -731 = -5*o + d. What is the hundreds digit of o?
1
Let r = -96 - -139. What is the tens digit of r?
4
Suppose -4*v + 27 = p, -p - 4*p = 3*v - 33. Suppose -3*i = 3*n + v, 2*n + 16 = 4*i - 2*i. What is the units digit of i?
3
Suppose -d + 2*d = 33. Let l = d - 22. Let x = -6 + l. What is the units digit of x?
5
Suppose 2 = -2*f - 5*t, 0*f + f - 14 = 5*t. Suppose -f*p = -8*p + 96. What is the tens digit of p?
2
Let d(x) = 9*x - 2. Let q(i) = -19*i + 5. Let v(k) = -13*d(k) - 6*q(k). Let c be v(-3). What is the tens digit of ((-130)/(-4))/c*2?
1
Let h = 10 - -5. Suppose 2*p - 5*j = -0*j - h, -4*p - 2*j + 30 = 0. What is the units digit of p?
5
Let c be (-1)/2 - (-850)/20. Suppose 0 = 4*w - c - 26. What is the tens digit of w?
1
Let n(l) = -2*l - 1. Let u be n(-1). Let i be u - 0 - 6/(-2). Suppose 5*c - 61 - i = 0. What is the units digit of c?
3
Let a = 2 - 2. Suppose -2 + a = -f. What is the units digit of (f/5)/(1/15)?
6
Let y(a) = -a**3 + 7*a**2 - 4*a + 5. Let x be y(5). Suppose -2*c = -7 - x. What is the units digit of c?
1
Let d = -1 - 2. Let u(a) = -3*a - 1. What is the units digit of u(d)?
8
Suppose 0*r + 75 = 5*r. What is the tens digit of (-64)/(-20)*r/2?
2
Let h = -17 - -14. Let z(j) = -9*j**2 - 6. Let o(l) = 4*l**2 + 3. Let s(p) = -13*o(p) - 6*z(p). What is the units digit of s(h)?
5
Suppose -3*n = -8*n - 4*t + 149, 3*n - 3*t = 84. What is the tens digit of n?
2
Let b = 26 + -18. What is the units digit of (b/10)/(2/10)?
4
Let p(f) be the third derivative of -f**6/120 + 7*f**5/60 + f**4/24 + 4*f**3/3 - 2*f**2. What is the tens digit of p(7)?
1
Suppose a - 9 = 34. What is the tens digit of a?
4
Suppose 0 = o - 4. Suppose 4*p = -z + 145 - 44, o*p - 5*z = 71. What is the tens digit of p?
2
Suppose b + u - 23 = 0, 36 = 2*b + 3*u - 12. Suppose -5*o = 5*w - 105, o + 3*w = 2*o - b. Let v = o + -14. What is the units digit of v?
7
Let o = 301 + -150. What is the tens digit of o?
5
Let f be (24/(-14))/(5/(-35)). Let i = 20 - f. What is the units digit of i?
8
What is the units digit of -4*(-19)/(-4)*-2?
8
Let y(f) = -f**3 - 6*f**2 - 7*f - 7. Suppose 5*r - j + 7 = -17, 3*r - j + 14 = 0. What is the units digit of y(r)?
3
Suppose 2*r - 3*r + 2 = 0. Let o be ((-21)/r - -2)*2. Let w = o - -30. What is the tens digit of w?
1
Suppose 5*p = 58 + 57. Suppose 3*w = -h + 13, -2*w + h = 6 - p. What is the units digit of w?
6
Let a(t) = t - 12. Let z be a(0). Let s = 33 + z. What is the units digit of s?
1
Let j be 2/6 - 145/(-15). Suppose -12 - j = -2*u + 4*k, -4*u + 5 = 5*k. Suppose d = -u*w + 51, 0*d - 2*d + 42 = 4*w. What is the units digit of w?
0
Suppose 4*b + 43 = t, 24 + 11 = -3*b - 2*t. Suppose 0 = w - 2*v + 27, 2*v + 3*v + 72 = -2*w. Let n = b - w. What is the tens digit of n?
2
Let u(q) = q**2 + 3*q. Let o be u(-4). Suppose 0*r + 5*r = -f + 25, o*f + r - 100 = 0. What is the tens digit of f?
2
Let h be 2 - -4*4/(-8). Suppose 0 = 2*g - h - 12. What is the units digit of g?
6
Let q = -3 + 6. Suppose s - 14 = -d - 4*d, 0 = q*d - 5*s - 14. What is the units digit of d?
3
Let i(o) = o**2 + o. Let z(r) = 6*r**2 + 6*r - 4. Let k(q) = -q**2 - 1. Let d(b) = -4*k(b) - z(b). Let g(h) = d(h) + i(h). What is the units digit of g(-6)?
2
Suppose 0*s - 2*s - 8 = 0. Let d be 12/(-5) - s/10. Let i(c) = -2*c + 1. What is the units digit of i(d)?
5
Let a be -3*2/(-3) - -1. Let i be 1*(a - 4 - 0). What is the units digit of ((-8)/(-12))/(i/(-21))?
4
What is the units digit of 6/(-24) + 450/8?
6
Suppose -53*g - 1370 = -58*g. What is the units digit of g?
4
Let t = -27 + 11. What is the units digit of (2 + -3)/(2/t)?
8
Suppose 4*r - r = -3. Let y(k) = -1 + 4*k**2 + k + 2*k - 5*k. What is the units digit of y(r)?
5
Let n(a) = 3*a**2 - a - 1. Let s = 6 - 4. Suppose -s*m - m - 3 = 0. What is the units digit of n(m)?
3
What is the units digit of (-14)/(-21)*1*240?
0
Let r(s) = s. Suppose 0 = i - 5 - 2. Let q = -2 + i. What is the units digit of r(q)?
5
Suppose 0 = v + 2*v - 12. Suppose 9 - 3 = -2*p - v*h, 5*h - 5 = -5*p. Let w(z) = 2*z - 4. What is the units digit of w(p)?
6
What is the tens digit of 796/22 - (-2)/(-11)?
3
Let g be (-1374)/(-12) - (-1)/(-2). Let h = g - 79. Suppose 5*u - h = -0*u. What is the units digit of u?
7
Suppose -3*g = -6*g - n + 381, 5*g + 3*n - 631 = 0. What is the tens digit of g?
2
Let u(l) = -233*l**3 - 2*l**2 + l. Let b be u(1). What is the units digit of b/(-14) + 2/7?
7
Suppose 0*b + 4*q - 33 = -3*b, -13 = -4*b + 5*q. What is the units digit of b?
7
Suppose -t = -19 + 6. Let u = t - 2. What is the tens digit of u?
1
Let y = 265 - -18. What is the units digit of y?
3
Let n(g) = -g**3 - g**2 - 2. Let t be n(0). Let d = t - -4. Suppose -10 = -0*x - 5*x, -4*x = -5*i + d. What is the units digit of i?
2
Suppose 0 = -3*w + w. Suppose 5*x - 21 = -i, -i + w*x + 33 = -x. Suppose o + 23 = 5*c - 16, 0 = -5*c - o + i. What is the units digit of c?
7
Let z = -52 - -117. What is the tens digit of z?
6
Suppose 2*p - 3 - 5 = 0. Suppose 3*s = 5*m - 2*s - 35, 4*s + 8 = -m. Suppose p*q - 2*q - 6 = m*l, l = -q + 9. What is the units digit of q?
7
Let i = -325 - -532. What is the units digit of i?
7
Let m be 12 + 1/(2/(-2)). Let y = 24 - m. What is the units digit of 1/(y/6 + -2)?
6
Let x(z) = -z - 4. Let r be x(-4). Suppose -4*k - 4*u - 4 = r, 5*k + 1 = 2*u + 24. Suppose -52 = -k*f + 11. What is the tens digit of f?
2
Let y = 151 + -52. What is the units digit of y?
9
Let o(t) = t**3 + 9*t**2 - 3*t - 1. Suppose -3*l - 36 = l. What is the tens digit of o(l)?
2
Let j = 44 - 22. Let y = j + -11. What is the units digit of y?
1
Let n be (-3 + 7)/4 + 2. Suppose -9 = -n*h - 0*h. What is the units digit of h?
3
Let s(i) = -6*i**3 + 7*i**3 - i**2 + i**2 - 6*i + 5. What is the tens digit of s(4)?
4
Suppose r - 6 = -2*r. What is the units digit of ((r - 2) + -2)*-8?
6
Let q = 29 + -21. What is the units digit of q?
8
Let w = 531 - 364. What is the units digit of w?
7
Let u(p) = p**3 + 8*p**2 + 7*p - 2. Let s be u(-5). Let m = s + -8. What is the tens digit of m?
3
Suppose 3 - 2 = q, 2*q = -3*v + 92. Let d be (72/10)/(9/v). Suppose u + 3*u - d = 0. What is the units digit of u?
6
Let s(j) = 17*j**3 - j. Suppose 0 = -4*h + 4*y + 24, 0 = -4*y - 0*y - 20. What is the tens digit of s(h)?
1
Let a(u) = u - 5. Let q be a(5). Suppose -10*p + 13*p - 72 = q. What is the units digit of p?
4
Let l(b) = -b**3 - 5*b**2 - 2*b + 4. Let y be l(-4). Let z = 2 + y. Let f(g) = -g**3 - g**2. What is the units digit of f(z)?
4
Let f = 147 - 79. What is the tens digit of f?
6
Let b(q) = 5*q - 7. Let s be 2 - (-6 - 4/(-2)). What is the tens digit of b(s)?
2
Let c = 61 - 19. What is the units digit of c?
2
Suppose 0 = -5*a + 14 - 4, 0 = -2*f + 2*a + 610. What is the hundreds digit of f?
3
Suppose -6*u = -u + 3*n - 22, 5*u - 27 = 2*n. Suppose -u*x + 2*z + 48 = 15, x - z - 9 = 0. What is the units digit of x?
5
Let v(k) = -k**3 - 4*k**2 - 2*k. Let w be v(-4). Let p(f) = 5*f - 8. Let g be p(w). Suppose -3*r + r + 2*h + g = 0, -5*h = 10. What is the units digit of r?
4
Let x(p) = 12*p - 3. Let z be x(2). Suppose 4*m + 2*g - 34 = 140, z = m + 5*g. What is the tens digit of m?
4
What is the units digit of (-539)/28*(2 - (8 + 2))?
4
Let m be (-2)/((-2)/(-6)*-1). What is the units digit of (-4)/(8/m) - -18?
5
Let w = -31 + 53. Let l = 16 - w. What is the units digit of 40/6*l/(-4)?
0
Suppose 0 = -0*p + 2*p. Suppose -4*n = -p*n. Suppose n = 5*u - 26 - 14. What is the units digit of u?
8
Let t(j) = j**3 - 14*j**2 + 17*j + 31. What is the tens digit of t(13)?
8
Suppose t - 39 = 5*h, 0*t + 31 = t - 3*h. What is the tens digit of t?
1
Let z(t) = 7*t - 14. What is the tens digit of z(8)?
4
Suppose -3*s + 294 = 3*u, -4*s + 400 = -0*s + 2*u. Suppose -2*a + r = 3*r - s, -r + 239 = 5*a. What is the units digit of a?
7
Suppose 0 = 2*h + 2*h - 44. Suppose -15 = -3*g - 2*c, 2*g = -3*c + h - 1. Suppose -4*n + 9*n = 2*p - 49, -g*n - 66 = -3*p. What is the units digit of p?
7
Let x = 64 + 15. What is the units digit of x?
9
Let i be 17 + (2 - 3) + -2. Let t = i + -5. What is the units digit of t?
9
Le